{"id":418,"date":"2021-03-03T05:59:15","date_gmt":"2021-03-03T05:59:15","guid":{"rendered":"http:\/\/serwer2167382.home.pl\/web\/?post_type=product&#038;p=418"},"modified":"2026-03-24T08:29:29","modified_gmt":"2026-03-24T08:29:29","slug":"bluzka-wiazana-i","status":"publish","type":"product","link":"https:\/\/ahoraflamenco.pl\/en\/product\/bluzka-wiazana-i\/","title":{"rendered":"Bluzka wi\u0105zana I"},"content":{"rendered":"<p>Bolerko z d\u0142ugim ,ozdobnym r\u0119kawemMozna wi\u0105za\u0107 z przodu i z ty\u0142u.Materia\u0142 dzianina<\/p>","protected":false},"excerpt":{"rendered":"<p>Bolerko z d\u0142ugim ,ozdobnym r\u0119kawemMozna wi\u0105za\u0107 z przodu i z ty\u0142u.Materia\u0142 dzianina<\/p>","protected":false},"featured_media":186,"template":"","meta":[],"_links":{"self":[{"href":"https:\/\/ahoraflamenco.pl\/en\/wp-json\/wp\/v2\/product\/418"}],"collection":[{"href":"https:\/\/ahoraflamenco.pl\/en\/wp-json\/wp\/v2\/product"}],"about":[{"href":"https:\/\/ahoraflamenco.pl\/en\/wp-json\/wp\/v2\/types\/product"}],"wp:featuredmedia":[{"embeddable":true,"href":"https:\/\/ahoraflamenco.pl\/en\/wp-json\/wp\/v2\/media\/186"}],"wp:attachment":[{"href":"https:\/\/ahoraflamenco.pl\/en\/wp-json\/wp\/v2\/media?parent=418"}],"curies":[{"name":"wp","href":"https:\/\/api.w.org\/{rel}","templated":true}]}}

Bluzka wiązana I

<p>Bolerko z długim ,ozdobnym rękawemMozna wiązać z przodu i z tyłu.Materiał dzianina</p>
